{"id":40,"date":"2019-11-04T23:24:34","date_gmt":"2019-11-04T23:24:34","guid":{"rendered":"https:\/\/www.midtpunktet.dk\/?page_id=40"},"modified":"2019-11-30T12:43:59","modified_gmt":"2019-11-30T11:43:59","slug":"forside-2","status":"publish","type":"page","link":"https:\/\/www.midtpunktet.dk\/?page_id=40","title":{"rendered":"Forside"},"content":{"rendered":"\n<p> <\/p>\n\n\n\n<p>  . Psykologiske tests af unge &amp; voksne<br>  . Konsulentbistand ved anbringelser af b\u00f8rn &amp; unge  <br>  . Udredning &amp; udviklingssamtaler med unge og voksne<br>  . Efterv\u00e6rn, udslusning og mentorordning for anbragte<br>  . Medarbejdersupervision<br>  . Ledersparring &amp; Coaching<br>  . Konfliktm\u00e6gling <\/p>\n\n\n\n<p><\/p>\n","protected":false},"excerpt":{"rendered":"<p>. Psykologiske tests af unge &amp; voksne . Konsulentbistand ved anbringelser af b\u00f8rn &amp; unge . Udredning &amp; udviklingssamtaler med unge og voksne . Efterv\u00e6rn, udslusning og mentorordning for anbragte . Medarbejdersupervision . Ledersparring &amp; Coaching . Konfliktm\u00e6gling<\/p>\n","protected":false},"author":1,"featured_media":0,"parent":0,"menu_order":0,"comment_status":"closed","ping_status":"closed","template":"","meta":[],"_links":{"self":[{"href":"https:\/\/www.midtpunktet.dk\/index.php?rest_route=\/wp\/v2\/pages\/40"}],"collection":[{"href":"https:\/\/www.midtpunktet.dk\/index.php?rest_route=\/wp\/v2\/pages"}],"about":[{"href":"https:\/\/www.midtpunktet.dk\/index.php?rest_route=\/wp\/v2\/types\/page"}],"author":[{"embeddable":true,"href":"https:\/\/www.midtpunktet.dk\/index.php?rest_route=\/wp\/v2\/users\/1"}],"replies":[{"embeddable":true,"href":"https:\/\/www.midtpunktet.dk\/index.php?rest_route=%2Fwp%2Fv2%2Fcomments&post=40"}],"version-history":[{"count":4,"href":"https:\/\/www.midtpunktet.dk\/index.php?rest_route=\/wp\/v2\/pages\/40\/revisions"}],"predecessor-version":[{"id":130,"href":"https:\/\/www.midtpunktet.dk\/index.php?rest_route=\/wp\/v2\/pages\/40\/revisions\/130"}],"wp:attachment":[{"href":"https:\/\/www.midtpunktet.dk\/index.php?rest_route=%2Fwp%2Fv2%2Fmedia&parent=40"}],"curies":[{"name":"wp","href":"https:\/\/api.w.org\/{rel}","templated":true}]}}